
{"id":2,"date":"2019-10-29T13:54:30","date_gmt":"2019-10-29T12:54:30","guid":{"rendered":"https:\/\/www.salooning.at\/events\/?page_id=2"},"modified":"2019-12-09T13:29:35","modified_gmt":"2019-12-09T12:29:35","slug":"portfolio","status":"publish","type":"page","link":"https:\/\/www.salooning.at\/events\/portfolio\/","title":{"rendered":"Portfolio"},"content":{"rendered":"\n<h2><strong>Wir bieten Ihnen:<\/strong><\/h2>\n\n\n\n<div class=\"is-layout-flex wp-container-4 wp-block-columns\">\n<div class=\"is-layout-flow wp-block-column\">\n<p style=\"color:#e6007e\" class=\"has-text-color\"><strong>&#8230; Kundenveranstaltungen B2B:&nbsp;<\/strong><\/p>\n\n\n\n<ul><li><strong>Konzeptionelle Beratung:<\/strong> Sie wollen eine Kundenveranstaltung, zu der Ihre Kunden gerne kommen und die Ihnen in Erinnerung bleibt. Sie wollen Ihr Geld sinnvoll investiert wissen. <br> Die richtigen G\u00e4ste zum richtigen Zeitpunkt in der richtigen Location mit zielgerichteten Inhalten<\/li><li><strong>Zielgruppenanalyse<\/strong>: Wer soll Gast auf Ihrer Veranstaltung sein? Womit k\u00f6nnen Sie Ihre Zielgruppe zum Kommen motivieren? Was bieten Sie Ihren Teilnehmern, damit diese gerne auf diese Veranstaltung kommen \u2013 USP? <br> Wo liegt Ihr Nutzen, Einladender zu sein?<\/li><li><strong>Einladungsprozess<\/strong>: Sie m\u00f6chten einen stufenweisen Einladungsprozess oder auch nur eine E-Mail Einladung? Sie sind sich nicht sicher, womit Sie Ihre Kunden am besten erreichen k\u00f6nnen.<\/li><li><strong>Location<\/strong>: Finden der passenden Location f\u00fcr Ihr Thema. Nicht jedes Lokal ist f\u00fcr jede Veranstaltung und Gr\u00f6\u00dfe geeignet. Durch jahrelange Marktkenntnis finden wir die Location, die perfekt zu Ihrer Klientel und Ihre Veranstaltung passt.<\/li><li><strong>Musik<\/strong>: Sie wollen Ihren G\u00e4sten Unterhaltung bieten. Welche Art die richtige f\u00fcr Ihre Veranstaltung ist, h\u00e4ngt von vielen Faktoren ab. Wir haben die Erfahrung.&nbsp;<\/li><li><strong>Sprecher<\/strong>: Sie wollen einen Moderator, Sprecher oder doch lieber eine Podiumsdiskussion? Unser Netzwerk kann hier alle Erwartungen erf\u00fcllen.&nbsp;<\/li><li><strong>Organisation Catering<\/strong>: Gegessen und getrunken wird immer. Aber was passt zu Ihrer Veranstaltung, Ihren G\u00e4sten und zu Ihrem Budget?&nbsp;<\/li><li><strong>Wein und Kulinarik<\/strong>: Es soll was ganz Besonderes geboten werden. Oder doch nur H\u00e4ppchen und ein Gl\u00e4schen? Wir wissen, was passt.&nbsp;<\/li><li><strong>Dekoration<\/strong>: Das richtige Ambiente wird durch die passende Dekoration geschaffen.&nbsp; Wir setzen Ihre Veranstaltung ins rechte Licht und schaffen die optimalen Rahmenbedingungen f\u00fcr Ihre Inhalte<\/li><li><strong>Einladungsprozess:<\/strong> Die richtige Art einzuladen, ist f\u00fcr den ersten Eindruck Ihrer Veranstaltung ausschlaggebend. Ihre Einladung muss auffallen, motivieren und Freude auf den Event machen. Sie wollen sich von der Flut der Einladungen, die jeden Tag am Tisch Ihres Kunden ladet, abheben. Gerne beraten wir Sie, wie Ihnen das am Besten gelingt.&nbsp;<\/li><li><strong>Betreuung Ihrer Veranstaltung vor Ort<\/strong>: Ein Event ist nur dann erfolgreich, wenn sich der Gast von Anfang an aufgehoben und willkommen f\u00fchlt. Das zu erreichen, muss das Ziel sein.&nbsp;<\/li><\/ul>\n<\/div>\n\n\n\n<div class=\"is-layout-flow wp-block-column\">\n<p style=\"color:#e6007e\" class=\"has-text-color\"><strong>\u2026 private Feste:<\/strong><br><\/p>\n\n\n\n<ul><li><strong>Budgetplanung<\/strong>: Sie wollen Ihre Familie und Freunde zu einem besonderen Event einladen. Allerdings darf es den finanziellen Rahmen nicht sprengen.<\/li><li><strong>Location<\/strong>: Der Ort des Festes soll zum Ereignis passen. Dennoch muss er vor allem zu Ihnen passen und soll Ihre G\u00e4ste begeistern.\u00a0<\/li><li><strong>Einladungen<\/strong>: Es soll gelingen das Motto des Festes schon in der Einladung zu vermitteln und dennoch eine gewisse Spannung und Neugierde erzeugen.\u00a0<\/li><li><strong>Catering<\/strong>: Sie sind sich nicht sicher, ob Buffet, gesetztes Essen oder doch lieber Flying Buffet? Essen und Trinken muss zu Ihnen und Ihren G\u00e4sten passen. Wir beraten Sie und stellen Ihnen unsere Partnerunternehmen vor.\u00a0<\/li><li><strong>Dekoration<\/strong>: Sie wollen es \u00fcppig oder doch besser nach dem Motto \u201eWeniger ist mehr\u201c? Blumen, Kerzen, Girlanden oder doch was ganz anderes? Durch die Dekoration unterst\u00fctzen Sie das Motto Ihrer Veranstaltung. Sie soll auf den ersten Blick begeistern.\u00a0<\/li><li><strong>Musik<\/strong>: DJ oder Livemusik oder doch besser die Hintergrundmusik aus der Box? Was passt zum Event? Wie sehen das Ihre G\u00e4ste? Au\u00dferdem beraten wir Sie gerne, was hier zum Budget und zum Thema passt.\u00a0<\/li><li><strong>Betreuung vor Ort:<\/strong> Sie sollen Ihr Fest genie\u00dfen und sich nicht um den Ablauf, das Catering und das Wohlbefinden der G\u00e4ste k\u00fcmmern. Wir stehen Ihnen und Ihren G\u00e4sten zur Verf\u00fcgung, um kleine und gro\u00dfe W\u00fcnsche zu erf\u00fcllen.\u00a0<\/li><\/ul>\n<\/div>\n\n\n\n<div class=\"is-layout-flow wp-block-column\">\n<p style=\"color:#e6007e\" class=\"has-text-color\"><strong>\u2026 Nachbearbeitungen:<\/strong><br><\/p>\n\n\n\n<ul><li><strong>Erfolgskontrolle<\/strong>: Gerne unterst\u00fctzen wir Sie auch bei der Nachbearbeitung Ihrer Veranstaltung. Definieren wir gemeinsam die Erfolgsfaktoren f\u00fcr Ihre Veranstaltung im Vorhinein und machen nach einem einvernehmlich festzulegenen&nbsp;Zeitraum eine Erfolgskontrolle. Ein Kundenevent war nur dann erfolgreich, wenn es anschlie\u00dfend zur Steigerung Ihres Umsatzes und zur Bindung Ihrer Kunden genutzt.<\/li><\/ul>\n\n\n\n<p><\/p>\n<\/div>\n<\/div>\n","protected":false},"excerpt":{"rendered":"<p>Wir bieten Ihnen: &#8230; Kundenveranstaltungen B2B:&nbsp; Konzeptionelle Beratung: Sie wollen eine Kundenveranstaltung, zu der Ihre Kunden gerne kommen und die Ihnen in Erinnerung bleibt. Sie wollen Ihr Geld sinnvoll investiert wissen. Die richtigen G\u00e4ste zum richtigen Zeitpunkt in der richtigen Location mit zielgerichteten Inhalten Zielgruppenanalyse: Wer soll Gast auf Ihrer Veranstaltung sein? Womit k\u00f6nnen Sie [&hellip;]<\/p>\n","protected":false},"author":1,"featured_media":0,"parent":0,"menu_order":0,"comment_status":"closed","ping_status":"open","template":"","meta":[],"_links":{"self":[{"href":"https:\/\/www.salooning.at\/events\/wp-json\/wp\/v2\/pages\/2"}],"collection":[{"href":"https:\/\/www.salooning.at\/events\/wp-json\/wp\/v2\/pages"}],"about":[{"href":"https:\/\/www.salooning.at\/events\/wp-json\/wp\/v2\/types\/page"}],"author":[{"embeddable":true,"href":"https:\/\/www.salooning.at\/events\/wp-json\/wp\/v2\/users\/1"}],"replies":[{"embeddable":true,"href":"https:\/\/www.salooning.at\/events\/wp-json\/wp\/v2\/comments?post=2"}],"version-history":[{"count":3,"href":"https:\/\/www.salooning.at\/events\/wp-json\/wp\/v2\/pages\/2\/revisions"}],"predecessor-version":[{"id":60,"href":"https:\/\/www.salooning.at\/events\/wp-json\/wp\/v2\/pages\/2\/revisions\/60"}],"wp:attachment":[{"href":"https:\/\/www.salooning.at\/events\/wp-json\/wp\/v2\/media?parent=2"}],"curies":[{"name":"wp","href":"https:\/\/api.w.org\/{rel}","templated":true}]}}